**2 - 3*o + 4. Let y(j) = 4*c(j) - 5*u(j). Calculate y(m).
-6
Let w = 2 - -2. Let s be 1 - 0 - (-5 + w). Let n(y) = 5*y - 2*y**s - 6*y**2 + y**3 + 2*y**2 - 5. Determine n(5).
-5
Let d(l) = 2*l - 4*l + 3*l + l**2. Let p be 16/(-24) - (-16)/6. Determine d(p).
6
Let c(a) = 0*a**2 + 3*a**2 - a**2 - a - 2. Let i(b) = -b**2 + b + 1. Let k(g) = -2*c(g) - 3*i(g). Determine k(1).
-1
Let m(q) be the first derivative of q**7/840 - q**6/90 + q**5/120 + 5*q**4/24 + q**3/3 - 3. Let x(g) be the third derivative of m(g). Calculate x(4).
9
Let s(z) be the third derivative of 0 + 4/3*z**3 + 0*z + 1/60*z**5 + z**2 + 0*z**4. What is s(0)?
8
Let r(v) be the third derivative of -v**4/24 - 11*v**3/6 - v**2. Calculate r(-6).
-5
Let l(c) = 3*c + 13. Let v be l(-5). Let d(k) = -9*k**3 - 11*k**2 - 11*k - 4. Let n(f) = 5*f**3 + 6*f**2 + 6*f + 2. Let u(y) = -4*d(y) - 7*n(y). Determine u(v).
-2
Let b(x) = 5*x - 16. Let o(z) = 8*z - 23. Let l(q) = 7*b(q) - 5*o(q). Determine l(2).
-7
Suppose 3 + 5 = 4*s. Let k(c) = -5 + s*c + 0*c - c**2 - 2*c**2 - c**3. Calculate k(-4).
3
Let b(s) = -s. Let n be 54/15 - 2/(-5). Let i be b(n). Let c(o) = -o**2 - o + 3. Calculate c(i).
-9
Let g(i) = -i - 12. Let q = -104 - -97. Determine g(q).
-5
Let f(w) = w + 2. Let u(b) = b**2 + 5*b + 6. Let v be u(-4). Calculate f(v).
4
Let q(b) be the first derivative of -b**2/2 + b - 36. Calculate q(6).
-5
Let i(h) = -h**3 - 7*h**2 - 5*h + 6. Let m(p) = 4*p + 3. Let a be m(-6). Suppose -14*x + 17*x = 45. Let n = x + a. Calculate i(n).
0
Suppose -k = 5*m + 14, 0 = -4*k - m - 2 - 16. Let l(c) = -2*c + c**2 + 6*c + 2*c + 5. Calculate l(k).
-3
Let b(v) = -v**3 + 2*v**2 + v. Suppose 20 = -4*p, 3*u - 3 = -u - p. Calculate b(u).
2
Let z(o) = o - 2. Let b be z(-5). Let k = 2 + b. Let r(q) be the third derivative of -q**4/12 - 5*q**3/6 + q**2. Calculate r(k).
5
Let z(h) = -10*h**2 - 2*h - 1. Let t be 2*((-1)/2 - (3 + -3)). Give z(t).
-9
Let w = -1 - -6. Let u(l) = -2*l - l + w*l - 6 - 4*l**2 + l**3. Let o = -2 - -6. What is u(o)?
2
Suppose 3*o + 37 = 61. Let i(h) = -h**2 + 10*h - 12. Calculate i(o).
4
Let x(o) = 5*o - o - o + 6. Let s be 2 + (4 - (-3 - -9)). Suppose 0 = -2*q - 5*m - 23, 2*q + s*q - 3*m = 1. Determine x(q).
-6
Let k(i) = i**2 + 9*i - 11. Suppose 4 = -q - 4*o, 8*q - 3*o = 4*q - 35. What is k(q)?
-19
Let v(q) = -q**2 + 5*q - 3. Let m be v(2). Let i(b) = 5*b - 15. Let d be i(7). Let f(o) = -o**2 - d*o + 20*o. Determine f(m).
-9
Let d(n) = -5*n**2 - 11*n - 7. Let t(a) = -4*a**2 - 10*a - 7. Let f(i) = 3*d(i) - 4*t(i). What is f(-5)?
-3
Let c(f) be the second derivative of f**6/360 - f**5/60 + f**4/24 + f**3/3 + f. Let h(j) be the second derivative of c(j). What is h(3)?
4
Let o(y) be the third derivative of y**6/120 + y**5/20 + y**4/12 - y**3/6 + 5*y**2. Determine o(-2).
-1
Let y(t) be the first derivative of -t**6/120 - t**5/120 + t**4/24 - 4*t**3/3 - 1. Let v(h) be the third derivative of y(h). Let f = -2 - -3. Give v(f).
-3
Let y(z) = -z**3 - 5*z**2 + 5*z - 1. Suppose -5*v - 5*c = 50, 2*v = -0*c - 3*c - 24. Determine y(v).
5
Suppose 13*q + 14 = 1. Let t(d) = 10*d + 1. Calculate t(q).
-9
Let q be (0/(-2 - -1))/(-3). Let g(z) = z**3 - z + 6. Calculate g(q).
6
Let m(l) = -l - 2. Let r be m(-2). Suppose r*v = -v - 2. Let u(c) = 3 + 0*c + 0 + 3*c. Determine u(v).
-3
Let r(m) = -5*m - 1. Let x(l) = 6*l + 3. Let z(a) = 3*r(a) + 2*x(a). Let u be 3/(1 - 1/(-2)). What is z(u)?
-3
Suppose -16 + 10 = 3*t. Let d be (1 - 0)/(1/3). Let p(i) = -i + 2 + 3*i - d*i. Give p(t).
4
Suppose 4*j + 20 = -5*x, -2*x + 0*x = -3*j + 31. Let a(w) = w**3 + 8*w**2 + w + 9. Determine a(x).
1
Let m(p) be the third derivative of p**4/12 - p**3/3 + 8*p**2. Determine m(2).
2
Let i(u) = u**2 + 5*u + 5. Suppose 6*f + 30 = f - 3*x, -2*f - 12 = 2*x. Determine i(f).
11
Let j(w) = -5*w**2 - 2*w + 1. Let d(q) = -q**3 + 5*q**2 - 3*q - 3. Let t be d(4). Let a be (-3)/(t*(-6 - -3)). Give j(a).
-6
Suppose 0 = 2*h - h - 9. Let s(m) = -m**2 - h - 4*m + 4*m. Determine s(0).
-9
Suppose n + n + o = -14, 5 = -5*n + 5*o. Let u(i) = -i**3 - 4*i**2 + 4*i + 1. Give u(n).
6
Suppose -3*b + 3*i + 45 = 0, -2*b + 47 - 8 = -5*i. Let a(m) = -m**2 + 1 - b + m - 2 - m**3. Give a(0).
-13
Let o(d) = 5*d + 22. Let p(z) = -4*z - 21. Let k(n) = -3*o(n) - 4*p(n). Determine k(0).
18
Let r(q) = -4*q - 4. Let v(i) = 9*i + 8. Let k(j) = 5*r(j) + 2*v(j). Let t(h) = -2*h + 1. Let p be t(3). Calculate k(p).
6
Let c(m) be the third derivative of m**4/24 + 2*m**3 - 7*m**2. Calculate c(0).
12
Let l = 1 - 0. Let a = l + -1. Let g(f) be the third derivative of f**6/120 + f**5/60 - f**4/24 - f**3/3 + f**2. Determine g(a).
-2
Let x(q) = 2*q - 2. Let u(p) = -1. Let y(c) = u(c) - x(c). Determine y(-2).
5
Let k(o) = 5*o**2 - 4 + 0*o - 11*o**3 - 3*o - 3*o + 12*o**3. Give k(-6).
-4
Let o = 659 + -661. Let v(m) be the first derivative of -m**4/4 - 2*m**3/3 - m**2/2 + 2*m - 1. What is v(o)?
4
Let g(j) = -2*j**2 - 3*j + 1. Let v(t) = -t**2 + 10*t - 5. Let x(f) = 5*f + f - 7*f. Let w(y) = -v(y) - 4*x(y). Let q be w(4). Determine g(q).
-8
Let o(i) = 4*i**3 - i**2 + i + 1. Let g = 0 - 7. Let k = 4 + g. Let p = k - -2. Give o(p).
-5
Suppose 3*u + 4 = 4*l - 0, 4*u + 5*l - 36 = 0. Let z(m) = -1 + 2 - u - 3*m. Calculate z(-4).
9
Suppose 0 = -3*i - i. Let r(y) = -y**2 + 6. Give r(i).
6
Let y(f) = -11*f**3 + 13*f**2 - 9*f - 2. Let m(r) = -5*r**3 + 6*r**2 - 4*r - 1. Let o(d) = 13*m(d) - 6*y(d). Give o(2).
11
Let f(a) = 4*a - a**3 - 6*a**2 + 9*a**2 + 2*a**3. Suppose -4 = 5*z + 11. Determine f(z).
-12
Let k(x) = x**3 - 2*x**2 + 3*x + 1. Let n(u) = u**3 + 1. Let l(y) = k(y) + n(y). Let m(b) = b**3 - b**2 + 1. Let q(f) = -l(f) + 3*m(f). What is q(2)?
-1
Let p(l) = 9 + 7*l**2 + 0*l + 9*l - 9*l**2 + 3*l**2. What is p(-6)?
-9
Let v(q) = -3*q - 7. Suppose w = 3*w - d - 9, 0 = -3*w - 4*d + 8. Let s(b) = -5*b - 13. Let y(z) = w*s(z) - 7*v(z). Calculate y(6).
3
Suppose d - 4*i = 16, -3*d + 0*d = 4*i + 32. Let s be (-2)/d - 13/2. Let r(n) = -n**2 - 7*n - 9. Determine r(s).
-3
Let v(s) be the second derivative of -s**3/6 - 3*s**2/2 - 17*s. What is v(-5)?
2
Let d(g) = 2*g + 5. Let x be d(-5). Let w = x - -8. Let k(p) = -2*p + 4*p**w - 3*p**2 - 2*p**2 - 3*p**3 + 5. What is k(5)?
-5
Let a(b) = 2*b - 17. Let l be a(9). Let k(o) = 5*o**2 + 2*o - 1. Calculate k(l).
6
Let a(z) be the third derivative of z**6/120 - z**5/12 + z**4/12 + z**2. Let t = 24 - 22. What is a(t)?
-8
Let c = -63 - -57. Let w(y) = y**2 + 5*y + 7. Give w(c).
13
Let n(w) be the first derivative of -w**4/2 - w**3 - 3*w**2/2 - 2*w - 5. Let i(y) = -y**3 + 6*y**2 - 5*y - 2. Let v be i(5). What is n(v)?
8
Let z(c) = c**2 - 5*c + 7. Suppose -3*t - 4*w - 1 = 0, -16 = 2*w + 2*w. What is z(t)?
7
Suppose i = 2 + 2. Let w(u) = u - 1. Calculate w(i).
3
Let s(q) = -2 + q**3 - q**2 + 3*q**2 + 4 - 3*q. Let k = 7 - -1. Suppose k = -4*m + 5*b - 4, -m + 2*b = 3. Calculate s(m).
2
Suppose 5*d = l + 10, -2*l + 3 = -2*d - 1. Let y(g) = -9 + 0*g**2 + 5 - g**2 + g. Give y(d).
-10
Let j(g) = g**3 - 4*g**2 - 3*g + 2. Suppose -3*t = -0*t - 15. Give j(t).
12
Let t(n) = -1 + 0*n**2 - 4*n**2 + 3*n**2. Let b be (-3)/(-2*3/4). Calculate t(b).
-5
Let t(v) = 7*v - 1. Let g(n) = 11*n - 2. Let j(k) = 5*g(k) - 8*t(k). Let z(q) = 1. Let h(o) = j(o) + 6*z(o). Give h(-6).
10
Let c(x) be the first derivative of x**3/3 + 3*x**2 + 2*x - 8. Suppose -q - 7 = -1. What is c(q)?
2
Let c(p) = -4*p**2 - 4*p. Let g(t) = -5*t**2 - 5*t - 1. Let n(s) = -4*c(s) + 3*g(s). Give n(-3).
3
Let f = -8 - -4. Let k be 3/9*(f - -1). Let s(m) = -2*m**2 + 5*m + 7. Let a(t) = -t**2 - t + 1. Let c(h) = k*s(h) + a(h). Determine c(6).
-6
Let y(d) = -5 - 4 - 2*d**2 + d**2 + 6 + 8*d. What is y(7)?
4
Let c(t) = 48*t**2 + 1 - 47*t**2 + 3 - 7*t. Give c(7).
4
Let j(u) = -2*u - 3. Suppose -4*r = 5*l + 22, 3*l = 4*r - 2 + 8. Suppose -c + 2*k = -0*k - 8, 5*k = c - 23. Let b be (c/4)/(r/(-30)). Give j(b).
7
Let n(k) = -k**3 - 10*k**2 - 9*k - 4. Let o be (1 + (-12)/18)*-27. What is n(o)?
-4
Let a(b) be the third derivative of b**4/6 + b**3/6 - 10*b**2. Give a(2).
9
Suppose 2*o + 0*p = -p - 9, -2*o + 5*p = -9. Let q(j) = -4 + 546*j**2 + 2*j - 1089*j**2 + 545*j**2. Calculate q(o).
8
Let i(h) = -2*h + 3. Let o be i(2). Let j(w) = 236*w - 8*w**3 - 236*w. Determine j(o).
8
Let h(q) = 6*q**2 + 2*q + 1. Suppose -17 = -u + 18. Suppos